of 85562 and 239?
239
What is the highest common factor of 58 and 16?
2
What is the highest common factor of 187 and 170?
17
What is the highest common divisor of 9776 and 8?
8
What is the greatest common divisor of 49 and 931?
49
What is the highest common divisor of 1580 and 20?
20
Calculate the greatest common factor of 161 and 1127.
161
What is the highest common factor of 78 and 832?
26
Calculate the greatest common factor of 385 and 210.
35
Calculate the greatest common factor of 128 and 16.
16
Calculate the greatest common factor of 3717 and 236.
59
What is the highest common factor of 293 and 40141?
293
What is the greatest common factor of 180 and 72?
36
Calculate the highest common factor of 83266 and 31.
31
What is the highest common divisor of 32 and 264?
8
Calculate the greatest common factor of 336 and 24.
24
Calculate the greatest common factor of 15 and 6.
3
What is the highest common factor of 366 and 96?
6
Calculate the greatest common divisor of 390 and 570.
30
Calculate the greatest common factor of 40 and 20.
20
What is the highest common factor of 8 and 1292?
4
What is the greatest common divisor of 195 and 117?
39
Calculate the greatest common divisor of 396 and 44.
44
Calculate the greatest common divisor of 168 and 196.
28
What is the greatest common factor of 210 and 294?
42
Calculate the highest common divisor of 60606 and 13.
13
What is the greatest common factor of 113 and 5198?
113
Calculate the highest common divisor of 7055 and 34.
17
What is the greatest common divisor of 312 and 48?
24
What is the greatest common divisor of 440 and 704?
88
What is the highest common factor of 12 and 25248?
12
What is the greatest common divisor of 64 and 432?
16
What is the greatest common divisor of 903 and 21?
21
What is the highest common factor of 640 and 576?
64
Calculate the greatest common divisor of 115 and 3979.
23
What is the greatest common divisor of 5146 and 166?
166
What is the greatest common factor of 3255 and 210?
105
Calculate the greatest common factor of 7695 and 57.
57
What is the highest common divisor of 1062 and 36?
18
Calculate the highest common divisor of 234 and 9.
9
Calculate the greatest common factor of 216 and 144.
72
Calculate the greatest common factor of 1661 and 11.
11
What is the greatest common factor of 437 and 152?
19
Calculate the highest common divisor of 21 and 12.
3
Calculate the greatest common factor of 110 and 13684.
22
What is the greatest common factor of 1819 and 17?
17
Calculate the greatest common factor of 615 and 82.
41
What is the greatest common divisor of 85 and 255?
85
What is the greatest common factor of 176 and 484?
44
Calculate the highest common divisor of 360 and 8.
8
Calculate the greatest common factor of 9 and 3.
3
What is the greatest common factor of 29 and 3277?
29
What is the highest common factor of 29 and 2117?
29
Calculate the highest common divisor of 800 and 2560.
160
Calculate the greatest common divisor of 484 and 352.
44
What is the greatest common divisor of 1431 and 702?
27
What is the highest common factor of 507 and 208?
13
What is the highest common divisor of 20 and 61240?
20
Calculate the highest common divisor of 119 and 581.
7
What is the highest common factor of 108 and 132?
12
Calculate the greatest common factor of 636 and 8639.
53
Calculate the highest common factor of 480 and 195.
15
Calculate the greatest common divisor of 9 and 36.
9
What is the highest common divisor of 97 and 291?
97
What is the greatest common divisor of 43 and 39947?
43
What is the highest common factor of 4 and 292?
4
Calculate the highest common factor of 41 and 41.
41
What is the greatest common divisor of 10 and 22?
2
What is the greatest common divisor of 6 and 30?
6
What is the highest common factor of 2 and 521?
1
What is the highest common divisor of 175 and 775?
25
What is the greatest common divisor of 360 and 4920?
120
What is the highest common divisor of 2 and 1?
1
Calculate the highest common factor of 90 and 4.
2
What is the greatest common factor of 12 and 1110?
6
What is the greatest common divisor of 206 and 1545?
103
Calculate the greatest common divisor of 2 and 2136.
2
What is the greatest common divisor of 6798 and 132?
66
What is the highest common factor of 273 and 231?
21
Calculate the highest common factor of 240 and 1245.
15
What is the greatest common divisor of 1332 and 9?
9
What is the greatest common divisor of 3726 and 207?
207
What is the greatest common factor of 893 and 19?
19
What is the highest common factor of 235 and 5?
5
What is the greatest common factor of 10998 and 286?
26
What is the highest common factor of 8662 and 142?
142
Calculate the greatest common divisor of 51 and 204.
51
Calculate the greatest common divisor of 11894 and 38.
38
Calculate the greatest common factor of 77 and 1085.
7
What is the highest common divisor of 76 and 19?
19
Calculate the greatest common factor of 634 and 6.
2
What is the highest common divisor of 33 and 4125?
33
What is the highest common factor of 336 and 1856?
16
What is the greatest common factor of 4 and 116?
4
What is the greatest common factor of 28 and 16?
4
Calculate the greatest common factor of 270 and 100.
10
What is the greatest common factor of 564 and 423?
141
What is the greatest common divisor of 8 and 256?
8
What is the highest common factor of 595 and 2465?
85
What is the highest common factor of 7 and 182?
7
Calculate the highest common divisor of 330 and 120.
30
Calculate the greatest common factor of 31 and 53351.
31
Calculate the highest common factor of 573 and 3629.
191
What is the highest common divisor of 34 and 1054?
34
Calculate the highest common divisor of 110 and 830.
10
What is the highest common divisor of 40 and 2890?
10
Calculate the greatest common divisor of 66262 and 42.
14
Calculate the greatest common divisor of 4598 and 38.
38
What is the greatest common factor of 70 and 130?
10
Calculate the greatest common divisor of 46 and 18446.
46
Calculate the highest common divisor of 564 and 228.
12
Calculate the greatest common factor of 22 and 902.
22
What is the greatest common divisor of 144 and 180?
36
What is the greatest common divisor of 1696 and 2809?
53
Calculate the highest common factor of 60 and 45.
15
Calculate the highest common factor of 33404 and 28.
28
What is the highest common divisor of 15 and 400?
5
Calculate the highest common factor of 33 and 7249.
11
Calculate the greatest common factor of 156 and 228.
12
Calculate the highest common divisor of 9 and 163899.
9
Calculate the highest common factor of 52 and 5876.
52
What is the highest common divisor of 84 and 1428?
84
Calculate the greatest common divisor of 120 and 6390.
30
What is the highest common factor of 2093 and 91?
91
Calculate the greatest common factor of 174 and 18.
6
What is the highest common divisor of 212 and 3127?
53
What is the highest common divisor of 1377 and 629?
17
Calculate the greatest common divisor of 36 and 243.
9
What is the highest common factor of 85 and 136?
17
What is the highest common factor of 90 and 11430?
90
Calculate the highest common factor of 150 and 2430.
30
What is the highest common factor of 21 and 62349?
21
What is the greatest common divisor of 162 and 18?
18
Calculate the highest common factor of 2280 and 48.
24
Calculate the highest common divisor of 75 and 12.
3
What is the highest common factor of 16 and 30512?
16
Calculate the greatest common divisor of 117 and 3315.
39
What is the highest common factor of 13356 and 84?
84
Calculate the highest common divisor of 261 and 9.
9
Calculate the greatest common divisor of 425 and 50.
25
What is the greatest common factor of 111 and 17279?
37
Calculate the greatest common divisor of 156 and 132.
12
Calculate the highest common factor of 39 and 104.
13
What is the greatest common factor of 36 and 11460?
12
What is the greatest common factor of 91 and 49?
7
Calculate the greatest common divisor of 40 and 3728.
8
What is the greatest common divisor of 572 and 143?
143
What is the greatest common factor of 28 and 2443?
7
What is the greatest common divisor of 1515 and 606?
303
Calculate the greatest common factor of 16 and 6896.
16
Calculate the greatest common divisor of 25 and 16.
1